he units digit of z?
6
Suppose -518 + 2586 = 11*o. What is the hundreds digit of o?
1
What is the units digit of ((-13)/(-26))/((-2)/(-120))?
0
Let a = -24 - -47. What is the tens digit of a?
2
Let z(j) be the first derivative of 3*j**2/2 - 9*j + 2. What is the units digit of z(5)?
6
Let k(d) = -d**2 + d + 2. Let t be k(3). Let o = t + 5. What is the units digit of o?
1
Suppose -m + 2*v = -164, 2*m + 524 = 5*m + 2*v. What is the hundreds digit of m?
1
Suppose -6 = -3*d + 2*j, -3*j + 9 = -0*j. Suppose 5*l + 25 = 0, 6*v + 12 = d*v - 4*l. What is the units digit of v?
4
Let w be 18/(-27)*(-5 + -1). Let p(i) = 4*i + 2. What is the units digit of p(w)?
8
Suppose -x - 1 + 10 = 0. What is the tens digit of x/3*(-25)/(-3)?
2
Suppose -68 = 2*q - 2. Let n = 3 - q. What is the tens digit of n?
3
Let k be 28/(-12)*18*1. Let m be (-9)/(-45) + k/10. What is the units digit of (4*(-2)/m)/2?
1
Suppose 86 = 3*y - y. What is the units digit of y?
3
Suppose 0 = 5*i + 5*r - 20, 2*i - r - 1 = 4*r. Suppose -i*z = -f - 6*z + 27, 3 = z. Suppose 2*p - 2*k = 14, 5*p - 4*k = 20 + f. What is the units digit of p?
0
Let b = 23 - 38. Let i be b/((1 + -3)/4). Suppose 8 + 12 = 2*q + 2*p, -5*q + i = p. What is the units digit of q?
5
Suppose 0 = -2*h + 4*h - 8. What is the units digit of h?
4
Suppose 4*u - 5*z + 8 - 24 = 0, 0 = 4*z. Let n = u - -9. What is the units digit of n?
3
Let f = 86 + -31. What is the tens digit of f?
5
Suppose 2*u - 4*s + 2*s = 6, -2*s + 8 = 5*u. Suppose 7 = -h + u*h. What is the units digit of h?
7
Let h(s) be the first derivative of -s**2/2 + 3*s + 3. Suppose 0*c = 3*c. What is the units digit of h(c)?
3
Let g = -13 + 19. Suppose -g*n + n + 15 = 0. What is the units digit of n?
3
Let v = 79 - 30. What is the units digit of v?
9
Let d = -19 - -33. What is the units digit of (0 + d)*(5 + -4)?
4
Suppose 0 = 3*g - 830 + 191. What is the units digit of g/12 + 2/8?
8
Suppose 5 = 2*v - 2*z - 121, -3*v + 2*z + 194 = 0. What is the units digit of v?
8
Suppose -6*l = -5*l - 72. What is the units digit of l?
2
Suppose -8*y + 126 = -42. What is the tens digit of y?
2
Let q = -1 - -6. What is the units digit of ((-10)/6)/(q/(-45))?
5
Let n be 60/14 + 10/(-35). Let k = n + 0. What is the units digit of k?
4
Suppose 5*s + 2 = -13, 2*s + 101 = 5*k. What is the units digit of k?
9
Let l(n) = n + 7. Let g be l(-6). Let d(i) = 2*i - 3. Let k be d(2). Let c = g + k. What is the units digit of c?
2
Let z = -11 - -5. Let m(k) = -k**2 - 10*k + 8. What is the units digit of m(z)?
2
Suppose 0*l = 2*l. Suppose 5*n + 34 - 14 = l. What is the tens digit of n - (-2 + -1) - -13?
1
Suppose -2*u = 2*u. Suppose 5 = 4*x - 0*m + m, u = 3*x + 5*m - 8. What is the units digit of x?
1
Suppose 229 + 23 = 2*k. What is the tens digit of (24/(-14))/((-12)/k)?
1
Suppose -h - 3 = -7. Let o(x) = -x**3 + 7*x**2 - 5*x. What is the units digit of o(h)?
8
Let g(m) be the second derivative of m**5/20 + m**4/2 - m**3/3 - 3*m**2 - 2*m. Let b be g(-6). What is the units digit of 7/3 + 4/b?
3
Suppose 2*n - 346 = -2*f + n, n = -4*f + 696. What is the hundreds digit of f?
1
Suppose -3*g - 5 = 2*r, r + 2*r - 9 = g. Suppose -3 = -3*p + 3*s + 3, 0 = r*p + 3*s - 9. What is the units digit of p?
3
Let m be 6/9*3/1. Let a = m + 0. Suppose 26 = 4*x + a. What is the units digit of x?
6
What is the units digit of 6 + -2 + 43 + 0?
7
Let c(o) = 56*o**3 + o**2 - o + 1. What is the tens digit of c(1)?
5
What is the units digit of (-6)/(-33) + (-6)/33 + 73?
3
Suppose 3*l - 25 = 29. What is the units digit of 6/(-4) + l/4?
3
What is the tens digit of (93/(-15) + 3)*-5?
1
Let d(t) = 31*t - 1. Let w be d(1). Suppose w = -q + 6*q. Suppose -4*c = -c - q. What is the units digit of c?
2
Let z be 2*-1 - -6*3. Let x = -22 + z. Let j = 8 + x. What is the units digit of j?
2
What is the units digit of ((-39)/(-9) + -3)*21?
8
Let p(h) = 7*h - 17. What is the tens digit of p(9)?
4
Let v(k) = -k**2 + 9*k - 11. Let z be v(8). Let c be -4 + (-2 - (z - 0)). Let m = c - -4. What is the units digit of m?
1
Let c = -6 - 8. Let a = 8 - c. What is the tens digit of a?
2
Let k = 4 + -2. Let z = k - -2. Suppose l - z*l + 17 = 2*h, -l - 5 = -2*h. What is the units digit of l?
3
Let d(v) = v + 9. Let g(i) = -i - 1. Let f = 3 + 0. Let j be g(f). What is the units digit of d(j)?
5
Let h(p) = 23*p**2 + p - 8. What is the hundreds digit of h(3)?
2
Let n = -75 - -43. What is the tens digit of n/10*(-1 - 4)?
1
Let g(i) = -30*i - 1. Let j be g(-1). Let l = j + -17. What is the tens digit of l?
1
Let u(l) = -4*l**2 + 6*l**2 - 1 - l**2 + 5. What is the tens digit of u(-4)?
2
Suppose 3*i = 2*g + 3, -17 = -i - 4*g - 2. Let j be 3*(-1)/((-6)/(-4)). Let s = j + i. What is the units digit of s?
1
Suppose -3*p + p = 2*c - 324, -3*p = 4*c - 486. What is the units digit of p?
2
Let w(g) = g**3 + 4*g**2 + 2*g - 1. Let t be w(-3). Let r(n) = 2*n**3 - 2*n**2 + 3*n - 1. What is the units digit of r(t)?
3
Let q = 2 + 3. Suppose -2*f + 33 = k + 4*k, -k + q = 0. Suppose f*d = -0*d + 8. What is the units digit of d?
2
Let l = 3 - 1. Let f be 3/(l + -1) + 2. Suppose 10 = 2*s + 2*x, 0 = -s + f*s - 5*x - 38. What is the units digit of s?
7
Let h(q) = 2*q**2 - 3*q. Let k be h(3). Let s = 28 + -14. Suppose 2*r - k = r - 3*a, 2*r + 4*a = s. What is the units digit of r?
3
Let a be (-3)/(-6)*(2 + -2). Let z be (-1)/(a + 3/(-15)). Let v = z - 4. What is the units digit of v?
1
Suppose 7*g - 450 = 5*g. What is the units digit of g?
5
Let l = 5 + -8. Let a = l - -12. What is the units digit of a?
9
Let j(h) = h**3 + 8*h**2 + 8*h + 6. Let o be j(-7). Let c be (-4)/(-2) + o - -14. What is the units digit of 84/c - 2/(-5)?
6
What is the tens digit of -12*(0 + (-8)/3)?
3
Suppose x - 38 - 118 = 0. What is the tens digit of x?
5
Let u be (-185)/(-5) - (-1)/1. Suppose a - u = -a. What is the tens digit of a?
1
Let d be (-8)/28 - 40/7. What is the units digit of ((-34)/10)/(d/30)?
7
Suppose -x = -3*x + 16. Suppose x = 2*k + 4. What is the units digit of k?
2
Let d = -5 + 5. Let x be (d - (2 - 2))/(-1). Suppose x*j + 2*j = 6. What is the units digit of j?
3
Suppose 0 = -4*x - 4, 5*u - 2111 + 136 = 5*x. What is the tens digit of u?
9
Let t(y) = -y**3 - y**2 - 2*y. Let l be t(-3). Suppose u = 3*u - l. What is the tens digit of u?
1
Let w = -5 - -8. Suppose v = w*a + 24, 0 = 5*v - 4*a - 0*a - 65. What is the units digit of v?
9
Let q(l) = l**2 + 7*l + 3. Let k be q(-7). Suppose 90 = k*d - d. What is the tens digit of d?
4
Suppose 2*d = 2*n + 204, -4*d + 436 = -3*n + 26. What is the units digit of d?
4
Let k = 3 + 0. Suppose 3*l = 3*i + 42, -k*l - i = 3*i - 7. What is the units digit of l?
9
Let l be (-2 + 1)*-3 - -6. Let o(a) = a**2 - 8*a + 6. What is the units digit of o(l)?
5
Let g = 32 - 23. Let o = 14 - g. What is the units digit of o?
5
Let l(f) = 8*f - 7. Let g be l(6). Let j = g + -16. What is the units digit of j?
5
Suppose 2*i = -4*z - 2*i + 612, 3*z + 4*i - 455 = 0. What is the units digit of z?
7
Let d = 20 + 8. Suppose 0 = 3*m + w - 25, 0 = 3*m + w + 3*w - d. What is the units digit of m?
8
Let b(k) = -5*k - 1. Let x(n) = 1. Let u(l) = -b(l) - 2*x(l). Let g(d) = -d. Let y(t) = -5*g(t) + u(t). What is the units digit of y(1)?
9
Suppose 2*g - 6*g + o + 487 = 0, 2*g = o + 243. Let f = g + -77. What is the tens digit of f?
4
Let k(x) = 5*x - 2. Let n be k(2). Let v = n + 1. What is the units digit of v?
9
Let w(t) = t**3 - 8*t**2 + t - 8. Let d be w(8). Suppose d = 3*n - 54 + 15. What is the tens digit of n?
1
Let p(f) = 2*f - 2. Let t be p(2). Suppose -31 = -t*b + 23. What is the units digit of b?
7
Let b(z) = -14*z - 5. Let l(r) = 7*r + 3. Let h(w) = 3*b(w) + 5*l(w). What is the tens digit of h(-2)?
1
Suppose 0 = -4*t - n + 225, 5*n - 229 = -4*t - 0*t. What is the units digit of t?
6
Suppose c + 4 - 10 = 0. Let o = c + -3. Suppose o*z - 2*z = 5*v - 46, 22 = 2*v - 4*z. What is the units digit of v?
9
Let w(g) = -g**2 - 19*g - 30. What is the units digit of w(-16)?
8
Suppose 5*l = -83 + 38. Let p(j) = -j**2 - 3*j + 7. Let s(x) = 2*x**2 + 5*x - 14. Let t(z) = 13*p(z) + 6*s(z). What is the units digit of t(l)?
7
Let a(h) be the third derivative of h**5/30 - h**4/12 + h**3/6 - 2*h**2. What is the units digit of a(1)?
1
Suppose 3*t + 3 = 9. Suppose -o + 8 - t = 0. What is the un